et s be t(9). Let n be (-7)/((-42)/(-36))*(-7)/s. List the prime factors of 183/4 - (n/(-8) - 2).
2, 23
Let z be ((-10)/4)/(25/(-350)). Suppose 0 = -z*i + 28*i - 35. List the prime factors of 6/((-222)/(-44) + i).
2, 3, 11
Suppose 0 = 2*v + j + 6, -5*v - j = 10 + 2. Let b be (25*1)/((-1)/v). Suppose -3*c + b + 82 = 0. List the prime factors of c.
2, 11
Let x(f) be the third derivative of f**4/24 + 5*f**3/3 - 2*f**2. Suppose 13*v - 174 + 44 = 0. What are the prime factors of x(v)?
2, 5
List the prime factors of (-2)/(-72)*424/53 - (-814152)/27.
2, 15077
Suppose 3*o = -3*o + 44086 - 8248. What are the prime factors of o?
3, 11, 181
Let g be 51/9 - (-2 + (-5)/(-3)). Let b be g*-3*(76/(-24) - -3). Suppose 3*u = b*k - 433 + 118, -4*k + 411 = 5*u. What are the prime factors of k?
2, 13
Let x = 66 + -10. Let u = x - 58. What are the prime factors of (-79)/u - (-5)/10?
2, 5
Suppose 7*b - 2*b - 10 = 0. Let k(y) = 4 + 4 + 14*y**b + 2*y + 40*y**3 - 17*y**3 - 24*y**3. List the prime factors of k(13).
7, 29
Suppose 0 = -4*m + g - 3087 + 9334, -4*m = 4*g - 6232. Suppose 11*q - 10262 = -m. What are the prime factors of q?
7, 113
Let y(b) = 21*b + 5. Let t be y(-1). Let p be (-3 - 10*4/t)*2. What are the prime factors of 60 + p*(-16)/(-4)?
2, 7
Suppose 0 = -i - v + 1, -2*i + i - 14 = -4*v. Let k be 0/i + (-7)/(-1) - 3. Suppose -k*z + 126 = -z. What are the prime factors of z?
2, 3, 7
Let i = -3362 + 4167. List the prime factors of i.
5, 7, 23
Suppose -16*o + 20*o - 1056 = 0. Let t = o + 1337. List the prime factors of t.
1601
Let p = -415 - -910. Suppose -p = -3*l + 957. What are the prime factors of l?
2, 11
Let t = 5310 - 2206. What are the prime factors of t?
2, 97
Let h(t) = -t - 5. Let y(p) = p - 10. Let s be y(3). Let o be h(s). Suppose o = 13*i - 24. What are the prime factors of i?
2
Let z(k) = 3*k**2 - 5*k**2 - 22*k + 20*k + 2 + 4*k**2. Let f be z(2). What are the prime factors of (8 - f) + -3 + 122 + 0?
11
Suppose -4*k + 20 = 0, -5*x + 6*k - 10 = 2*k. Suppose 0 = -5*w + 2*j + 15, j + 12 = 6*w - x*w. Suppose 1157 = 10*g + w*g. What are the prime factors of g?
89
Let c(j) = -j**2 + 22*j - 57. Let n be c(20). What are the prime factors of 390 + 0/2 + 0/n?
2, 3, 5, 13
Let h = 11 + 2085. What are the prime factors of h?
2, 131
Suppose -y - 3*y = -4*d - 56136, -5*d - 42106 = -3*y. List the prime factors of y.
2, 877
Suppose -5*a = 8*i - 11*i + 64151, 28 = -4*a. What are the prime factors of i?
2, 3, 13, 137
Suppose 0 = 5*t + 3*h + 80, -3*t + t = h + 32. Let p(v) = v**3 + 15*v**2 - 15*v + 18. Let z be p(t). List the prime factors of (z/(-5))/((-9)/2880).
2
Let x(t) be the second derivative of -7*t**5/20 - 7*t**3/6 - 9*t**2/2 - 7*t + 3. List the prime factors of x(-3).
3, 67
Suppose -8*p - 85 = 43. What are the prime factors of (-1944)/p*6 + -1?
2, 7, 13
Suppose 0 = 8*o - 108914 - 21066 + 25996. What are the prime factors of o?
2, 67, 97
Let t = 1841 + -256. Suppose -13*n + t = -768. What are the prime factors of n?
181
Let c = 18945 + 1516. What are the prime factors of c?
7, 37, 79
Let l be (-9)/(9/(-91)) - (1 - -3). Let y = 160 + l. Suppose 100 = -n + y. List the prime factors of n.
3, 7
Let m(w) = w**3 + 6*w**2 - 16*w - 11. Let a be m(-8). Let o(n) = 2*n**2 - 10*n + 22. What are the prime factors of o(a)?
2, 11, 17
List the prime factors of 106092/18 - -7 - (-1 + 7).
3, 5, 131
Let w(k) = k**3 + 5*k**2 + 6*k + 2. Let t be w(-3). Suppose -3*c - 708 + 1838 = a, 0 = t*c + 2*a - 760. List the prime factors of c.
3, 5
Let i(h) = 69*h**2 - 7*h + 14. Let a be i(5). Suppose 0 = -3*z - 3*z + a. Suppose -z - 13 = -3*u. List the prime factors of u.
3, 11
Suppose -263*g - 25824 = -279*g. List the prime factors of g.
2, 3, 269
Let y be -660 - ((-8 - -5) + -4). Let d = y + 1562. List the prime factors of d.
3, 101
Let y = -20019 - -37601. What are the prime factors of y?
2, 59, 149
Let f(k) be the first derivative of 16*k**3/3 + 11*k**2/2 - 6*k + 32. List the prime factors of f(-6).
2, 3, 7
Suppose 8*v = -4*v + 1260. What are the prime factors of 8122/10 + 2 + (-21)/v?
2, 11, 37
Suppose 0 = -5*c - 2*o + 116, 2*o - o = -2*c + 46. Suppose 0 = -3*f + 3*m + c, 4*m - 9*m + 9 = 2*f. Suppose 0 = f*v - 3*v - 632. List the prime factors of v.
2, 79
Let n(d) = -5*d**3 + 9*d**2 - 13*d + 25. Let m(v) = -v**2 + v - 1. Let t(f) = -4*m(f) - n(f). What are the prime factors of t(4)?
3, 5, 17
Let j(o) = 8*o + 18*o - 3*o + 61. Let r be (-24)/10*(80/12 - 10). List the prime factors of j(r).
5, 7
Let h(l) = -l**3 - 58*l**2 - 625*l - 467. List the prime factors of h(-68).
41, 2153
Let g(m) = 7*m**2 + 177*m - 63. What are the prime factors of g(-29)?
691
Suppose 26 = 2*l - 20. Suppose 411 = l*m - 95. List the prime factors of m.
2, 11
Let d = -77 - -77. List the prime factors of d + 0 + (-10)/(10/(-573)).
3, 191
Let k be (262/(-6))/((-22)/66). Let p = 383 - k. What are the prime factors of p?
2, 3, 7
Let x = 48 - 19. Suppose -4*q + 3*k = -111, -3*q + k = -2*q - x. What are the prime factors of q?
2, 3
Let l(z) = 329*z - 236. Let v be l(23). Suppose 3*i = -5*j + v, 5*j - 2*j - 5*i = 4385. What are the prime factors of j?
5, 293
Let c be 30 + 1 + (-1 - -3). Let r = 31 - c. Let b(t) = -33*t - 8. List the prime factors of b(r).
2, 29
Let j(x) be the second derivative of -629*x**3/2 + 102*x**2 - 12*x. Let o(y) = 46*y - 5. Let c(d) = 5*j(d) + 204*o(d). What are the prime factors of c(-1)?
3, 17
Let u(j) = 147*j - 192. Let x be u(15). Let o = 2822 - x. What are the prime factors of o?
809
Let t be ((-21142)/4 + -3)/((-11)/(-22)). What are the prime factors of (-7)/(-8 + t/(-1323))?
3, 7
Let j be 4/(-26) + (-35)/182*20. Let n(b) = -27*b + 20. Let a be n(j). Let v = -15 + a. What are the prime factors of v?
113
Suppose 0*h = 6*h + 48. Let d(m) = m**2 + m. Let p(o) = 5*o**2 + 4*o - 5. Let c(a) = 6*d(a) - p(a). List the prime factors of c(h).
53
Suppose -q - u + 73 = 0, 2*q - 53 = q + 3*u. Let l be 8/5 + 1 + q/170. Suppose l*d + 3*x - 2 - 4 = 0, 0 = 3*d - x - 14. What are the prime factors of d?
2
Let d = -14 - -18. Suppose -3*b = -i - d, -b - 2 = -i - 0. What are the prime factors of 3*(b + -5)*(-28)/6?
2, 7
Suppose -5*s + 3*b = -71652, 4*b - 66398 = -5*s + 5226. What are the prime factors of ((-5)/(-10))/(-2 + 28662/s)?
2, 3, 199
Let a = 18920 + 4893. What are the prime factors of a?
23813
Let b be (2 + (-45)/(-6))/(7/14). Let n(v) = 2 - 3 + 3 - b*v - 4. List the prime factors of n(-4).
2, 37
Let q = 337 - 330. Suppose 0 = q*f - 99 - 69. What are the prime factors of f?
2, 3
Let c = -214 - -219. Suppose c*n + 5*w - 790 = 0, 5*w - 106 = -n + 40. What are the prime factors of n?
7, 23
Let l = 10 - -79. Let h = l - 85. Suppose -3*t - 802 = -4*x - 5*t, 0 = -h*x + 5*t + 837. What are the prime factors of x?
7, 29
Suppose 0 = 3*c + 401 - 1508. Let d(b) = -10*b + 37. Let n be d(3). Suppose c + 240 = n*q. List the prime factors of q.
3, 29
Let l(t) = -10*t**2 - 5*t - 9. Let j be l(-4). Let c(w) = -w**3 + w**2 + w - 82. Let b be c(0). Let f = b - j. What are the prime factors of f?
67
Let u(k) = -3*k**3 + 2*k**2 - 2*k + 1. Let d be (-5 - (123 - -2))*1/2. Let y = d - -62. List the prime factors of u(y).
2, 53
Let q be (-1 - -3) + 31 - 1. Suppose q*j - 693 = 35*j. Let k = 343 + j. List the prime factors of k.
2, 7
Let u(w) = 0*w + 6*w + 7*w - 2*w + 43. Let f be u(-24). Let h = -127 - f. List the prime factors of h.
2, 47
Let m(q) = -13*q - 175. Let i(w) = -2*w - 1. Let x(r) = 3*i(r) - m(r). What are the prime factors of x(0)?
2, 43
Suppose -10*f + 11074 + 72878 = -47408. List the prime factors of f.
2, 821
Let k be 15/((-5)/1) - -2. Let w = -59 + k. Let m = w + 134. List the prime factors of m.
2, 37
Let b(i) = -37*i - 108. Let f(n) = 73*n + 213. Let v(u) = 5*b(u) + 3*f(u). List the prime factors of v(7).
337
Let z = 516 - -1842. What are the prime factors of z?
2, 3, 131
List the prime factors of (-284854)/(-5) + (8/(-28) - (-90)/(-175)).
2, 3, 5, 211
Let f(t) = -t**3 - 8*t**2 + t + 16. Let l = -314 + 303. What are the prime factors of f(l)?
2, 23
Let q = -2360 - -8862. List the prime factors of q.
2, 3251
Suppose -5*f + 12796 = 896. Let k be (-4*9/30)/((-6)/f). Suppose -4*o = 5*d - 596, 0*d - 4*d + k = 3*o. List the prime factors of d.
2, 29
Let r(h) = -106*h + 5. Suppose 0 = -5*t + 10, 6 = -2*q - t + 